 - 2. Let b(z) = -u(z) - 4*v(z). Let s be b(f). What is t(s)?
0
Let v(u) = -6*u**2 - 2 + 1 - 9*u**2 - 6*u + 16*u**2. Calculate v(5).
-6
Suppose -2*t = -3*b - 5, -7*t + 3*t = b - 3. Let a(o) = 7*o + 4. Calculate a(b).
-3
Let r(p) = p**3 + 11*p**2 + 27*p - 9. Let d be r(-4). Let j(f) = f**3 + 5*f**2 - 2. Determine j(d).
-2
Let g(f) be the first derivative of -f**4/24 + 5*f**3/6 + 17*f**2/2 - 17. Let b(w) be the second derivative of g(w). Suppose -2 + 22 = 4*d. Determine b(d).
0
Let q(v) be the second derivative of -v**4/12 - 9*v**3/2 - 11*v**2 - 288*v. Give q(-26).
4
Let v = 31 + -24. Let c = -1 + v. Let j(z) = z**3 - 6*z**2 - 3*z + 7. Determine j(c).
-11
Let i = -41 - -37. Let u(q) = -2*q + 1. Let s(a) = 12*a + 4. Let m(w) = 8*w + 3. Let g(p) = 7*m(p) - 5*s(p). Let k(r) = i*g(r) + 9*u(r). Give k(4).
-3
Let t(h) = 47 - 182*h**2 + 89*h**2 + h**3 - 20*h - 4*h + 72*h**2. Determine t(22).
3
Suppose -4 = 4*k, -5*s + 2*k + 3 = -14. Let o(p) = 2*p**3 + 25 - 3*p**s - 15 + 4*p**2 + 3*p**2 + 5*p. Determine o(8).
-14
Let s(b) = b**2 - 8*b - 28. Let c be s(11). Suppose -6 = y - c. Let o(a) = -3*a + 1. Give o(y).
4
Let s(v) = -v**3 - 10*v**2 + 4. Let t be s(-10). Suppose -t*p - 4 = -2*p. Let q(a) = -3*a**2 - 2. What is q(p)?
-14
Suppose -u + 16 = 2*m - 3*u, 3*m + 3*u = 0. Let x(o) = 3*o - 3 - 1 - m*o + 0*o + o**2. What is x(-3)?
8
Let n(h) be the third derivative of -h**5/60 + h**4/4 + 2*h**3/3 - 11*h**2. Give n(7).
-3
Let n(s) = -s + 7. Suppose 0*x - 93 = -3*x. Let r = x - 31. Give n(r).
7
Let m(s) = 4*s**3 - 6*s + 0 + 3*s + 11*s - 1 + 6*s**2. Let r(o) = 7*o**3 + 11*o**2 + 15*o - 2. Let g(z) = -11*m(z) + 6*r(z). Determine g(-2).
11
Let u(h) = h**2 + 4*h + 7. Let i(z) = 3*z**3 - 7*z**2 + 3*z - 3. Let l be i(4). Let a = l - 94. Calculate u(a).
12
Let g(w) = 5*w**2 + w + 1. Let y(u) = u**2 + 5*u - 4. Let c = 10 + -16. Let h be y(c). Let s be h/(0 - -6)*-3. What is g(s)?
5
Let n(b) be the third derivative of -b**6/120 + b**4/6 + b**3/6 + 5*b**2 - 2. Let q = 105 - 102. Determine n(q).
-14
Let a = 66 + -395/6. Let m(v) be the third derivative of -7/12*v**4 + a*v**3 + 0*v - 6*v**2 + 0. Calculate m(1).
-13
Let v(w) = -92*w - 95. Let u be v(-1). Let o(x) be the first derivative of 3*x**2 - 3*x + 1. What is o(u)?
-21
Let u = -33 - -37. Suppose -3*p - 5 - 4 = u*s, 0 = -5*p + 25. Let q(a) = a**3 + 5*a**2 - 3*a + 8. Determine q(s).
-10
Let o(c) = -c - c**2 + 4*c**2 + 0*c**2. Suppose -2*g + 6 = 4*s, -5*s - 1 = 3*g - 4*s. Determine o(g).
4
Let z(h) = h**2 - 3*h - 1. Suppose -40*j + 57*j - 68 = 0. Give z(j).
3
Let f(z) = -473*z - 3*z**2 + 4*z**2 - 2*z**2 - 479*z - 17 + 938*z. What is f(-13)?
-4
Let f(i) = 2 - 4*i**3 + 5*i**3 - 3*i + i**2 - 4*i**2. Give f(3).
-7
Let u = -557 - -554. Let y(k) = -17*k + 2. Calculate y(u).
53
Let a(t) = t**3 + 1 + 31*t**2 + 4*t - 36*t**2 + 0*t. Let o = -4 + -7. Let i = -7 - o. Calculate a(i).
1
Let m(b) be the first derivative of b**4/4 - b**3 - 3*b**2/2 - 8*b - 418. Determine m(4).
-4
Let b(l) be the third derivative of -l**6/720 + l**5/120 + l**4/24 + 2*l**2. Let h(a) be the second derivative of b(a). Suppose 0*w = -w + 1. Give h(w).
0
Let m(j) = -j**2 + 9*j - 11. Let o be (5 - 2)*91/(-21) + 1. Let l be -1 - 10/o - (-343)/42. Calculate m(l).
-3
Let f(x) = -9*x - 1. Suppose -3*v - 16 = -79. Suppose -v*o = -19*o + 2. Calculate f(o).
8
Let q(i) = 2*i**2 - 2*i. Let w(n) be the third derivative of n**5/60 - n**4/6 - 5*n**3/3 + 5*n**2. Let z be w(6). Determine q(z).
4
Suppose 2*w = -0*w + 6. Let n(y) be the second derivative of -4*y - 1/2*y**w + 0 + y**2. Determine n(-3).
11
Let w(f) = 0*f + 44 + 11*f - 8*f + 10. What is w(-16)?
6
Let d(o) be the second derivative of -o**5/20 + o**4/12 + 19*o**2/2 - 5*o. Calculate d(0).
19
Suppose -10 = -5*h - 5*t, -h - 2*h + 5*t = 10. Let r(y) = -3*y + 11. Calculate r(h).
11
Let m = 1 + -1. Suppose m = -t - 3*t. Let p(g) = 4*g**2 - 3*g**2 + t*g**2 - 6*g - 6. Give p(5).
-11
Let q(s) = -2*s**3 + 11*s**2 + 22*s - 3. Let r(b) = -b**3 - b**2 + 3*b - 2. Let o(d) = -q(d) + 3*r(d). Suppose 16 = -4*i, -5*i = 2*h + h + 59. Calculate o(h).
-3
Let o(u) = -5*u + 65. Let h(g) = g - 16. Let t(d) = 13*h(d) + 3*o(d). What is t(-4)?
-5
Let s(j) = -3*j**2 - 3*j - 3. Let t(l) = -l**2 + l - 1. Let r(k) = s(k) - 4*t(k). Suppose 3*v - 6 = 12. What is r(v)?
-5
Suppose -152 = 25*d + 13*d. Let p(b) = -10*b - 2. Determine p(d).
38
Let t(f) be the first derivative of -4*f**2 + f + 6. Let z(b) = -b**2 + b + 1. Let x be z(0). Let m = x - 0. Determine t(m).
-7
Let y(h) = -8*h**3 + h**2. Suppose -143 = 4*g - k, 8*g - 5*g + 5*k = -90. Let o = g - -36. Determine y(o).
-7
Let z(t) = -t**3 - 3*t**2. Suppose 0 = -4*d - 3*j - 79, -3*j + 11 = 5*d + 109. Let p be (-4 - -1)*d/(-19). Calculate z(p).
0
Let p(b) = -14*b. Let y(x) = 4*x + 2. Let d(h) = -p(h) - 3*y(h). Determine d(5).
4
Let g(f) be the second derivative of -f**3/6 + 17*f**2/2 + 378*f. Calculate g(6).
11
Let o(j) = -j**3 + 2 + 5*j - 5 + 7*j**2 - j + 2 + 5*j. Give o(8).
7
Let d(w) = -w + 6*w + 3*w + 1 - 7*w. Let a = 8 - 4. Suppose -5*v + 9*v + a = 0. Give d(v).
0
Suppose -30*m + 11 = -19*m. Let v = -24 - -59. Let f(q) = 34*q + 3 - 2 - v*q. What is f(m)?
0
Suppose 26*c - 30*c = -48. Let u(f) = f**2 - 14*f + 17. Determine u(c).
-7
Let f(l) = 3*l + l**3 - 1 + 4 + 4*l**2 + 1 + 0. Let x = -40 - -37. Give f(x).
4
Let i = -10 - -13. Suppose 4 - 1 = 3*o. Let p(v) = -o + 13*v + i + v**2 - 17*v. Determine p(3).
-1
Let x be (-1*3 + 1)*-2. Let j(b) = -x*b + 5 + b**2 - 4 + b. Suppose 4*h - 2*v = 16, 5*h + 3*v = -0 + 9. Give j(h).
1
Let x(k) be the third derivative of k**4/24 + 7*k**3/6 + 2*k**2. Let c = -38 - -22. Let f = c - -9. What is x(f)?
0
Suppose -7*q + 3*b = -8*q - 14, -4*b - 48 = 4*q. Let r(z) = z**3 + 12*z**2 + 10*z + 1. Determine r(q).
12
Let h be 1 + 2 + 3/(-3). Let d(n) = 3*n - 3 - 2 - 3*n**2 + 3 + n**3. Determine d(h).
0
Let g = -2 + -2. Let w(f) = 0 + 8*f - 3 - 5*f - 6*f. Let s(t) = 2*t + 2. Let u(r) = 6*s(r) + 5*w(r). Give u(g).
9
Suppose 2*v + 8 = 0, -4*v + 95 = 5*k - 14. Suppose o + k = 6*o. Let c(b) = b + 6. Give c(o).
11
Let v(s) = -s**2 + s + 1. Suppose 7*b + 14 = -70. Let o(z) = -z**3 - 12*z**2 - 2*z - 22. Let w be o(b). Calculate v(w).
-1
Let c(n) be the third derivative of n**7/2520 - n**6/360 - n**5/20 + 22*n**2. Let k(t) be the third derivative of c(t). Give k(2).
2
Let b(o) = -4*o - 7. Let h be (-918)/243 + (-2)/9. Calculate b(h).
9
Let z(h) = -h**3 - 4*h**2 + 6*h + 6. Let t be z(-5). Let g(l) be the first derivative of 5*l**4/4 - l - 66. What is g(t)?
4
Suppose 2*h = 5*p - p - 12, 3*p = -h + 9. Let t(v) = -v**3 - v**2 - v + 16. Give t(h).
16
Let n(p) = 2*p + 11. Suppose 0 = 583*u - 589*u. What is n(u)?
11
Let j(q) = -2*q**3 + 5*q**2 - 2*q - 2. Let p = 584 + -581. Give j(p).
-17
Let v = 15 + -9. Let w(z) be the third derivative of -z**5/60 + z**4/3 - 4*z**3/3 + 2*z**2 + 145. Calculate w(v).
4
Suppose 0 = -4*z - 5*q + 68, -z = 2*z + 3*q - 48. Let f = -8 + z. Suppose 19 = 5*i + u, f*i - 6*i + 4*u - 10 = 0. Let m(s) = -2*s**2 + 4*s + 1. Calculate m(i).
-5
Let j = -349 + 345. Let i(d) = -5*d. Calculate i(j).
20
Suppose 3*j - 13 = 2. Let b(x) = 3*x**3 - 3*x**2 + x - 1. Let u(a) = -4*a**3 + 3*a**2 + 2. Let q(w) = j*b(w) + 4*u(w). Calculate q(-3).
-12
Let q(f) be the third derivative of -f**5/60 - f**4/8 + f**3/6 + 3*f**2. Let b be q(-2). Let x(l) = -4*l**2 - 2 - b + 3*l**2 + 5*l. Calculate x(4).
-1
Let a(s) be the first derivative of -s**4/6 + 5*s**3/6 + 13*s**2 - 20. Let x(m) be the second derivative of a(m). Determine x(5).
-15
Let o(g) = -g**2 - 3*g - 3. Suppose -64 + 58 = 2*b. What is o(b)?
-3
Let v(x) = 20*x - 3. Let u = -350 - -352. What is v(u)?
37
Let z(j) = -3*j + 2. Suppose -3*c = -2*x - 13, -3*x - 11 - 9 = -5*c. Let y = 0 - x. Suppose -4*o = -2*a + 2, y*o - o = -5*a + 33. Give z(a).
-13
Let m(s) be the second derivative of -1/2*s**3 + 0*s**2 + 32*s + 0. Give m(1).
-3
Suppose 1962 - 2018 = -14*o. Let z(i) be the first derivative of 9*i + 5/2*i**2 - 8/3*i**3 + 1/4*i**o - 8. What is z(7)?
-5
Let t(i) be the second derivative of i**3/6 - 13*i**2/2 + 375*i. What is t(-5)?
-18
Let w(n) = n**3 - n. Let b(q) = 5*q**2 - 4*q + 3*q**3 - 2*q**3 - 3 + 5*q**3. Suppose 2*x + 5 = o, x + 10 = 4*o - 2*o. Let t(l) = o*w(l) - b(l). Determine t(-4).
-9
Let j(f) be the second derivative of f